rime?
False
Let p = 31 - 26. Suppose g - 4*g = 4*k - 944, 5*k - 1185 = -p*g. Is k a prime number?
True
Suppose 2*g + 18*d - 15*d = 1942, -3*g = 5*d - 2913. Is g a prime number?
True
Let i(j) = j**3 + j + 395. Let k be 7/(28/(-8)) - 1. Let y be k/(-6)*0/(-3). Is i(y) a composite number?
True
Let g(z) = 226*z - 72. Is g(19) a composite number?
True
Let q(h) = h - 2. Let u be q(2). Let m(a) = 26*a - 126. Let y be m(5). Suppose u = -y*n - n + 1025. Is n prime?
False
Let s = -9 - -21. Suppose j - s = -3*j. Suppose j*p - 622 = -3*a + a, 0 = -p + 4. Is a a composite number?
True
Suppose 5*z = 5*a + 25170, -3*z = -a - 6919 - 8181. Is z prime?
False
Let i be (1/3)/(1/(-1257)). Let a = i - -960. Is a composite?
False
Let x(j) = 11*j**2 - 35*j + 45. Is x(-13) prime?
False
Let c(l) be the third derivative of 2*l**4/3 - l**3/6 + 2*l**2. Let x be c(9). Suppose x = -7*b + 612. Is b a composite number?
False
Let t be 115/9 + 1 + (-6)/(-27). Suppose -10*y - 1228 = -t*y. Is y composite?
False
Let a be (17/(-3))/((-2)/24). Suppose 4*g - 91 = -5*j, -2*g + j = -j - a. Let m = -10 + g. Is m a prime number?
True
Let y be -3*(0 + 1) - -3. Suppose 8*g - 7*g - 4 = 0. Suppose y = g*k - 1830 + 242. Is k a prime number?
True
Let a = -23 - -24. Suppose -5*x - 373 = -v, -2*x + 3 = -a. Is v composite?
False
Suppose 3*i = 5*r - i - 22665, 18096 = 4*r + 4*i. Is r prime?
False
Let q(v) = 13*v + 23. Let s(o) = 7*o + 11. Let f(w) = -4*q(w) + 7*s(w). Let p be f(-6). Suppose 0*z + p*z - 255 = 0. Is z prime?
False
Suppose 8149 = 8*l - 18019. Is l prime?
True
Suppose -2*j - 114 = 3*i + 5654, -j - 2883 = 2*i. Let k = -1540 - j. Is k prime?
False
Let j = 27 - 33. Is (-3599)/(-3) - (-4)/j composite?
True
Let x(f) = -f**2 - 6*f - 5. Let o be x(-5). Suppose -h + o*h = -139. Is h prime?
True
Let m = 23 - 10. Let x = -21 + m. Is (-412)/x - (-9)/6 a composite number?
False
Let q(t) = -4*t**3 + 2*t**2 - 4*t - 6. Let j = -15 - 0. Let v = j + 11. Is q(v) composite?
True
Let d(r) = -r**3 + 3*r**2 + r - 1. Let g be d(3). Suppose 0 = -g*t - 2*t + 56. Is (-7)/t + 214/4 prime?
True
Let g be ((-272)/(-170))/(4/5550). Suppose 3*r - 7*r = -8, 4*r = -4*j + g. Is j prime?
False
Suppose -14*u = 9603 - 71805. Is u a composite number?
True
Suppose 4*z = -12*b + 13*b - 21627, 2*b - 5*z - 43269 = 0. Is b a prime number?
True
Let h be (5/(-15))/((-6)/306). Suppose 0 = -15*p + h*p - 2018. Is p a prime number?
True
Let s(i) = -937*i - 38. Is s(-13) composite?
False
Suppose 0 = 2*g - 4*a - 14, 4*g + 6*a = a + 2. Suppose 3*q + 0*v + 2*v = 1569, 0 = -3*q + g*v + 1554. Is q prime?
True
Let l = 2121 + 1640. Is l a composite number?
False
Let z be (-4)/14 - 6852/(-21). Let u = -530 + z. Let m = u - -495. Is m a prime number?
False
Let v = 1334 - 25. Let n = v + -456. Is n a composite number?
False
Suppose 0 = -4*f - l - l + 4, 0 = -2*f - 3*l - 6. Let h(j) = 71*j**2 + 12*j - 2. Is h(f) prime?
True
Is (-3 + (-14477)/4)/(22/(-88)) composite?
False
Let t(d) = -d**3 + 4*d**2 + 8*d - 6. Let x(g) = -2*g - 7. Let m be x(-6). Let i be t(m). Is 131 - -1 - (-9)/i prime?
False
Let n = 15894 + -5831. Is n prime?
False
Suppose 4*r + 1130 = 2*t, 9 = 4*t - 7*t. Let a = -70 - r. Is a prime?
False
Let b = 526 + -7. Is b a prime number?
False
Suppose 5*p + p + 72 = 0. Let x = p - -425. Is x prime?
False
Suppose 4*l + 2617 = 8*u - 3*u, 0 = u - 2*l - 527. Is u a composite number?
False
Suppose -4*y - 14*y = -39762. Is y a prime number?
False
Let z = 37 + -27. Suppose -9*r - 172 = -z*r. Suppose 0*n + r = 4*n. Is n composite?
False
Suppose -5*u - x + 9 + 4 = 0, 3*u + 3*x - 3 = 0. Let i = 12 + u. Let v(j) = 4*j + 7. Is v(i) a composite number?
False
Suppose 5*v - 3*b = 66, 3*v - 5*v + 2*b + 28 = 0. Let w be (22/(-3))/(v/1710). Is w/(-11) + 1 + -1 composite?
True
Let z(p) = p**2 + 8*p - 6. Let n be 4*18/16*-2. Let l be z(n). Suppose -5*k = -l*k - 318. Is k a composite number?
True
Let k be 3/(-1) + 2 + 1. Let o be 6/(k + (-2)/(-119)). Suppose -2*c + o = c. Is c prime?
False
Let g(v) = 1075*v - 24. Is g(5) a composite number?
False
Let q = 61 - 55. Is ((-1414)/q)/(-1) + (-40)/60 a composite number?
True
Let a(r) = -4610*r + 183. Is a(-4) composite?
True
Suppose 6*o + 12508 = 2512. Is 6 + (-105)/20 - o/8 a composite number?
True
Suppose 106*z = 74*z + 12192. Is z a prime number?
False
Suppose 0 = 3*g - g - 6. Suppose g*j - 1218 = -3*j. Is j a composite number?
True
Let m = 38 + -30. Suppose -m*i + 2540 + 1884 = 0. Is i a composite number?
True
Let r = 4885 - 3046. Let m = r + -970. Is m a prime number?
False
Let v be -9*(-4)/12 + 1. Suppose -5*t + 1569 + 162 = 4*u, 0 = 4*u + v*t - 1736. Is u prime?
True
Let z be ((-6)/15)/(1/(-3580)). Let v = -553 + z. Is v a composite number?
True
Suppose 5*j + 2*s = 424385 - 79013, j + s - 69075 = 0. Is j composite?
True
Let k(c) = c**2 + 1. Let a(i) = 2*i**2 + 31*i + 18. Let w(n) = -a(n) + k(n). Is w(-15) a composite number?
False
Let t = 1 - -3. Suppose 4*v + 8 = -5*i, -2*i + i - 16 = -t*v. Suppose -x + 3*f + 192 = 0, -3*x + 526 = v*f - 2*f. Is x prime?
False
Let b = -86 + 130. Suppose 912 = b*u - 42*u. Suppose a = -5*m + u, -2*a = m - 0*a - 93. Is m a composite number?
True
Suppose -2*r - 4*d + d = 0, -4*r = 2*d. Is (r - -1) + (-5 - -6 - -1649) a prime number?
False
Suppose -6*d + 95 = -67. Let j = -26 + d. Is ((-561)/6)/(j/(-2)) prime?
False
Suppose 0 = 111*j - 103*j - 187208. Is j prime?
False
Is (-10)/(-15) - (-24787)/3 a prime number?
True
Is (-6 - (-272)/48) + (-8636)/(-6) a composite number?
False
Let q(b) = 23*b**3 - 3*b**2 - 15*b - 6. Is q(5) a prime number?
True
Let q be (4/4)/(2/32). Let f = q - 16. Suppose f = -0*x - x + 159. Is x composite?
True
Suppose 0 = -2*q - 6, -2*s - 2*q - 384 = -1460. Is s prime?
True
Let m(g) = -4*g**3 + g**2 - 1. Let i be m(-1). Is (-5)/((i/446)/(-2)) prime?
False
Let j be (-3450)/45*(-3)/(-1 - 0). Let o = 763 - j. Is o prime?
False
Suppose 60*h = 55*h + 33805. Is h a composite number?
False
Suppose -2*v = -8 - 42. Suppose 0 = -5*t - v, 2*t + 8 = -2*x + 2. Suppose l = -x*u + 190, -206 = -2*u + 4*l - l. Is u prime?
True
Suppose 0 = -3*x + 3*s + 120480, 4*x + 2*s + s = 160633. Is x a composite number?
True
Let a be ((-1864)/12)/(2/(-6)). Let j = 6 + -3. Suppose j*p = p + a. Is p composite?
False
Suppose -5*v = 4*w - 28, -3*w - 3 - 11 = -5*v. Suppose u - 18 = -3*x, w*x - 16 = -3*u + u. Is (23*-17)/(u + -4) prime?
False
Let m = 14518 + 7576. Is m a composite number?
True
Suppose 7*s + 2*m = 4*s + 53345, 5*m = -10. Is s a prime number?
True
Let n(p) = 9*p - 1. Let m be n(6). Suppose 3*w + w + 3*u + 21 = 0, -4*w + u = 9. Is ((-12)/w - 3)*m a prime number?
True
Suppose 2*f - 754 - 36 = 0. Suppose -9*w + f + 3268 = 0. Is w composite?
True
Let v = -9017 + 34638. Is v a prime number?
True
Let t = 8 + -11. Let a(u) = -19*u**2 - 9*u + 12. Let z(v) = 38*v**2 + 19*v - 25. Let p(s) = t*z(s) - 7*a(s). Is p(4) a composite number?
True
Suppose 0 = 12*y - 7*y - 5*x - 86150, -1 = -x. Is y a composite number?
False
Let c be (11 - 12)*(1 - 1053). Suppose 2*m + c = 6*m. Suppose 3*p - 179 + 30 = 5*l, m = 5*p - l. Is p composite?
False
Suppose -3*t + 21 = -6*t. Let a(c) = c + 14. Let g(l) = -2*l - 21. Let x(f) = t*a(f) - 5*g(f). Is x(5) composite?
True
Let g = 516 + -258. Suppose 2*w - g = -w. Is w a composite number?
True
Let g be (-53070)/195 - 2/(-13). Let c = -115 - g. Is c composite?
False
Let q be ((-88)/(-33))/((-2)/(-3)). Suppose -q*s + 5 = -3*s. Suppose -s*r = -99 - 331. Is r composite?
True
Suppose -45*y = -5*y - 108760. Is y a prime number?
True
Let n = 432 + -47. Suppose -5*s + n + 1520 = 0. Is s a prime number?
False
Let g(s) = -2*s + 8. Let t be g(-13). Let o = 4 - 2. Is t*(-1)/(-2)*o a composite number?
True
Let r(m) = 11486*m + 13. Is r(2) prime?
False
Suppose -k + 3*k - 22 = 0. Let m(z) = -3 + k + 25*z - 2. Is m(5) composite?
False
Suppose 0 = a - 4. Let w be 140/15 - a/3. Suppose -3*k = -w*k + 545. Is k prime?
True
Let t be 2/(6/57) + 3. Let w(f) = f**2 + t*f**3 - 7*f**2 + f**2 + f**2 - 1. Is w(3) a prime number?
True
Let w = -17972 - -30163. Is w a prime number?
False
Let m = 187 - 67. Is 3994/8 - -6*(-5)/m prime?
True
Let c(w) be the third derivative of 13*w**5/60 - w**4/24 - w**3/2 + 3*w**2. Is c(5) a composite number?
False
Suppose 4*d - 4*k = 2524, 3*d = k + k + 18